 = -2*n - 4*h - 0*h. What is the remainder when 17 is divided by ((-8)/n)/(17/(765/(-10)))?
5
What is the remainder when ((-553)/4)/(-8 - (-630)/80) is divided by 53?
46
Let r = 53 + -63. Let k(w) = -2*w**2 - 20*w + 14. Let h be k(r). Suppose 2 = u - h. Calculate the remainder when 46 is divided by u.
14
Suppose 4*c + 4*c - 160 = 0. Suppose d - c = 47. Suppose 4*z + z - i = 181, -2*z - 5*i + d = 0. Calculate the remainder when z is divided by 10.
6
Let j = 311 + -196. Suppose -126 = 106*o - j*o. Calculate the remainder when o is divided by 8.
6
Suppose 10*a - 15*a + 1274 = 21*a. Calculate the remainder when 246 is divided by a.
1
Let n(c) = c**2 + 13*c - 9. Let x be n(10). Suppose 3*h - 631 = u, 3*u + 0*u = h - x. What is the remainder when h is divided by 96?
17
Suppose -354 = 5*z - 329, -z + 4335 = 5*c. What is the remainder when c is divided by 57?
13
Let w(i) = 2*i**3 - 10*i**2 + 17*i + 2. Calculate the remainder when 112 + (-3)/(6/4) is divided by w(4).
34
Let m = -512 - -510. Let n(h) = -10*h**3 - 18*h**2 - 41*h. What is the remainder when n(m) is divided by 24?
18
Calculate the remainder when 204 - 212 - (-697 + (-2)/1) is divided by 228.
7
Suppose -20 - 6 = -l - 4*f, 2*l - 2*f - 32 = 0. Suppose -3*y + 7*y = n - l, -n + 50 = 4*y. What is the remainder when 76 is divided by n?
8
Suppose -25 = -5*h + 9*x - 4*x, 0 = -h - 2*x + 14. What is the remainder when 350 is divided by h?
6
Suppose 0 = -2*g + 17 + 9. Let y = 13 - g. Suppose -3*p + 19 + 41 = y. Calculate the remainder when 38 is divided by p.
18
Suppose -26*r - 17*r + 9427 = 2977. Calculate the remainder when r is divided by 13.
7
Let n(q) = q**3 + 11*q**2 - q - 6. Let v be n(-11). Suppose 4*u = v*u - 18. Let r = -323 + 333. What is the remainder when u is divided by r?
8
Suppose -9*u - 9*u + 5*u + 975 = 0. What is the remainder when 444 is divided by u?
69
Let a(v) = 257*v - 945. What is the remainder when 731 is divided by a(4)?
67
Suppose 0*h = -2*k - 2*h + 46, -k + 3*h + 15 = 0. Let p = -13289 - -13475. What is the remainder when p is divided by k?
18
Suppose -14*x = -31*x + 2397. What is the remainder when x is divided by 55?
31
Let k(u) = -21*u + 27. Let f be k(-5). Suppose f*r + 52 = 136*r. What is the remainder when 48 is divided by r?
9
Let q = -10 - -90. Let t = q + -39. Suppose -8*x - 107 = -13*x + m, -5*x - 4*m + 97 = 0. What is the remainder when t is divided by x?
20
What is the remainder when (126987/(-84))/(3/(-12)) is divided by 16?
15
Let i(r) = 6*r - 6. Let u be i(4). Suppose 8 = 5*w + u. Let j(h) = -14*h + 1. Calculate the remainder when 113 is divided by j(w).
26
Let t(n) = -11*n. Let g be t(-1). Suppose 0 = 8*f - 99 + g. Suppose l - f = -x + 55, x + 76 = l. What is the remainder when l is divided by 25?
21
Let m = -735 - -735. Suppose -3*h - 29 = l - 86, m = 3*l - 4*h - 119. What is the remainder when l is divided by 5?
0
What is the remainder when ((-13)/(260/(-295)))/(2/72) is divided by 19?
18
Let u be 0/(4/(0 - 4)). Let q(f) = -f**3 - 2*f**2 + 139. Calculate the remainder when q(u) is divided by 14.
13
What is the remainder when 1972/(-348) - (-3064)/6 is divided by 93?
40
Let p = -16 + 20. Suppose 5*j = r + 74, p*r = 6*j - 3*j - 41. What is the remainder when 41 is divided by j?
11
Let q = -336 + 344. Suppose -q*y + 9*y = 27. Calculate the remainder when 150 is divided by y.
15
Let i = 138 + -131. Suppose i*g - 380 = -275. What is the remainder when g is divided by 4?
3
Suppose -2172 = -164*o + 36*o + 59396. Calculate the remainder when o is divided by 250.
231
Suppose -4*n + 100 = 4*i, i + 11 = 6. Calculate the remainder when 417 is divided by n.
27
Suppose -34*t + 19905 = -4677. Calculate the remainder when t is divided by 193.
144
Let k = 19860 + -19595. What is the remainder when k is divided by 20?
5
Let q be -89 + 89 - (-1 - (0 - -1)). Suppose -3*u + 3*p - 5 = u, 5*u = p + q. What is the remainder when 8 is divided by u?
0
Let s = -17 - -19. Suppose -3*r + 3*h - s*h = 41, 3*h + 21 = -3*r. Calculate the remainder when 18 is divided by r/21 + 592/56.
8
Suppose -88*v + 4*v = -18564. What is the remainder when v is divided by 133?
88
Let v(k) = k**3 - 36*k**2 + 74*k - 195. What is the remainder when 94 is divided by v(34)?
4
Suppose -18 + 83 = -5*o. Let t = 0 - o. Suppose -300 = 149*g - 155*g. Calculate the remainder when g is divided by t.
11
Suppose -137 = -2*q + 5*t, 4*t + t + 269 = 4*q. Suppose 8*f - 5*f - q = 0. What is the remainder when f is divided by 14?
8
Let u = -668 - -902. Let o = u - 167. What is the remainder when o is divided by 23?
21
Suppose -4*t + 7 = -11*t. Let g(l) = -83*l**3. Calculate the remainder when g(t) is divided by 22 + 6/(-5 - 1).
20
Suppose 123*n - 10006 = 2327 + 951. What is the remainder when n is divided by 22?
20
Let u(k) = -19. Let f(x) = -x - 18. Let p(n) = 6*f(n) - 5*u(n). Calculate the remainder when p(-12) is divided by -30*((-3)/(-9) + -1).
19
Suppose 92 = 4*n - 4*d, 2*n + 2*d - 13 - 13 = 0. Let x = -569 - -710. Calculate the remainder when x is divided by n.
15
Let x = -190 - -302. Let v = x - 88. Calculate the remainder when v is divided by 9.
6
Let d = -5607 - -5819. What is the remainder when d is divided by 158?
54
Suppose 5*d - 26 = -j + 5, 0 = d - 3*j - 3. What is the remainder when 665 is divided by d?
5
Let p(k) = -k**3 - 3*k**2 + k - 5. Calculate the remainder when p(-4) is divided by 28*(-12)/(-4872) + 0 + 172/29.
1
Let k(q) = -1056*q - 4181. Calculate the remainder when 378 is divided by k(-4).
34
Suppose 2*j + 226 = y, j - 262 = -3*y + 367. Calculate the remainder when y is divided by (-4 + -1)*(-54)/5.
50
Let z be ((-725)/50)/((-1)/2). Suppose 0 = q - 3*s - z, -8*q + s = -4*q - 83. Suppose -56 = -26*p + 25*p. What is the remainder when p is divided by q?
16
Let j(v) = -31*v - 25. Let g be j(-7). Let p(o) = -3*o + 22. Let h be p(6). Suppose -4*q = h*q - g. What is the remainder when 44 is divided by q?
20
Let y(x) = 19 - 110*x - 50*x - 52 + 22. What is the remainder when y(-2) is divided by 26?
23
Suppose 293 = 3*d + d + 3*j, 219 = 3*d + 2*j. Let p = 4 + 32. Let q = p - 27. Calculate the remainder when d is divided by q.
8
Let c(o) = -o**3 - 30*o**2 - 243*o - 78. What is the remainder when c(-16) is divided by 57?
55
Suppose -40*h = -41*h - 2*a + 1470, 7*h - 5*a - 10309 = 0. Calculate the remainder when h is divided by 134.
132
Let n = 1392 - 392. Calculate the remainder when n is divided by 18.
10
Let t(l) = -l**2 + 10*l + 10. Let o be t(11). Let q(h) = 5*h**3 + 5*h**2 - 17*h + 11. Calculate the remainder when -110*(-3 + 3 + o) is divided by q(2).
36
Calculate the remainder when ((-1542)/4)/(4/(-8)) is divided by 19.
11
Suppose 4*j - 3*j = -2*k + 107, -3*j - 3*k = -315. What is the remainder when j is divided by 115/23*(3 - (-21)/(-15))?
7
Let y = 406 - 198. What is the remainder when y is divided by 34?
4
Suppose 0 = 2*v - 4*v + 16. Suppose 21*y - 180 = y. What is the remainder when 44/((-3 + 0)/(y/(-6))) is divided by v?
6
Suppose 163*k - 1581 = 146*k. Suppose -4*d = -3*g - 109, -44 = -3*d - g + 41. Calculate the remainder when k is divided by d.
9
Let b = -15 + 13. Let h be b*(4 + -5)*2. Suppose -l - 80 = -3*m + 71, -4*m - h*l + 228 = 0. What is the remainder when m is divided by 14?
10
Let f = 25598 + -24714. What is the remainder when 2676 is divided by f?
24
Let a be ((-16)/6)/((-3140)/(-525) + -6). Suppose -o - z + a = 3*o, -2*z + 100 = 3*o. What is the remainder when o is divided by 14?
8
Let u(a) = 5*a**3 - 3*a**2 - 5*a + 16. Calculate the remainder when u(2) is divided by (5 + -4 + 1)*(-34)/(-4).
0
Let y(a) = -8 + 54*a - 56 - 93 - 98. Calculate the remainder when 56 is divided by y(5).
11
Calculate the remainder when 121 is divided by (9/((-27)/84))/(15/(-30)).
9
Suppose 15*u - 12*u = 18. Let v(k) = 3*k**2 + 11*k - 24. Let j be v(2). Let q(g) = -g**2 + 9*g + 24. What is the remainder when q(j) is divided by u?
2
Suppose -2*w - 48*k + 113 = -43*k, -6*k + 198 = 4*w. Calculate the remainder when 530 is divided by w.
23
What is the remainder when 196 is divided by 2352/27 + (-39)/351?
22
Let z = -6505 - -6660. Suppose -k - 5*d = -17, -4*k = k - d - 59. What is the remainder when z is divided by k?
11
What is the remainder when 732 is divided by 198 + -3*-20*5/(-60)?
153
Suppose 0 = -2*j + 6